s 5 + -165aa?
-165a5
In base 16, what is -3289 + 1a?
-326f
In base 12, what is 1231 + -ab?
1142
In base 10, what is -1 - 60554?
-60555
In base 12, what is 796a - -6?
7974
In base 11, what is -3 + -89045?
-89048
In base 14, what is 87 + -304c?
-2da5
In base 15, what is -3cce - 94?
-3d73
In base 12, what is 2 + -8631b?
-86319
In base 9, what is 280 - 103?
176
In base 16, what is -17 - 8bd5?
-8bec
In base 14, what is d2 - cc1?
-bcd
In base 4, what is 1 - 130331211?
-130331210
In base 4, what is -1300230 - -30?
-1300200
In base 16, what is -18d0 - 86?
-1956
In base 12, what is 7 - -32a5?
32b0
In base 8, what is 766 - -65?
1053
In base 2, what is 100001110001010 - -1?
100001110001011
In base 8, what is -4160 - -37?
-4121
In base 9, what is 462 - -7825?
8387
In base 3, what is -12111102 + -101?
-12111210
In base 8, what is 15677100 - 2?
15677076
In base 4, what is -1203110211 - 11?
-1203110222
In base 14, what is -427 + 689?
262
In base 7, what is 2154162 - -5?
2154200
In base 11, what is -1a - -1a24?
1a05
In base 5, what is -10 + -343313?
-343323
In base 7, what is -3241 - -4152?
611
In base 2, what is -1100011000011 - 1101001?
-1100100101100
In base 4, what is 300123230 - -3?
300123233
In base 10, what is -9 + -44350?
-44359
In base 7, what is -5 - 15523?
-15531
In base 2, what is -1110000101 + 11011000?
-1010101101
In base 3, what is 12102212020 - 1?
12102212012
In base 3, what is -220202222 - -12?
-220202210
In base 9, what is 365613 - -8?
365622
In base 10, what is 1 + -42397?
-42396
In base 11, what is -25606 - -1?
-25605
In base 10, what is -1864 + 685?
-1179
In base 3, what is 220011111 - 0?
220011111
In base 12, what is 151a - 140?
139a
In base 8, what is 550 + 641?
1411
In base 7, what is -2650460 - 15?
-2650505
In base 7, what is 3655 + 401?
4356
In base 13, what is -10c - 5a?
-169
In base 6, what is -340 - -4230?
3450
In base 15, what is 0 + d5a?
d5a
In base 14, what is 24d - -d?
25c
In base 9, what is -47516 + -35?
-47552
In base 13, what is -28 - -6b2b?
6b03
In base 13, what is -c555 - 0?
-c555
In base 2, what is -11110 + 1000100011110100?
1000100011010110
In base 15, what is -4 + 2206a?
22066
In base 7, what is -233 + 2362?
2126
In base 7, what is 335151 + -3?
335145
In base 13, what is -202552 + 5?
-20254a
In base 10, what is 58971 + -7?
58964
In base 5, what is 2032121 + 1?
2032122
In base 3, what is 20 - 12002000112?
-12002000022
In base 12, what is 8aa3 - -3?
8aa6
In base 13, what is 5a5 + 17?
5bc
In base 4, what is 1321 - 223221?
-221300
In base 12, what is 35 - a9?
-74
In base 9, what is 26422 + -5?
26416
In base 3, what is -11101 - -10200?
-201
In base 14, what is -d254 - 3?
-d257
In base 2, what is -111011000 + 10001?
-111000111
In base 4, what is 12023 - -2123?
20212
In base 7, what is 4 - 440?
-433
In base 5, what is -30200132 - -4?
-30200123
In base 14, what is 14 + -12d0?
-12ba
In base 4, what is 333 - 1102101?
-1101102
In base 10, what is -244 - 6801?
-7045
In base 15, what is 23607 - -2?
23609
In base 6, what is 104 - -10201?
10305
In base 14, what is 90d6 - -2?
90d8
In base 11, what is 278 - 53?
225
In base 14, what is 174a0 - -4?
174a4
In base 7, what is -44 + -110145?
-110222
In base 13, what is -3 + -c0b3?
-c0b6
In base 14, what is -4b53 + 6?
-4b4b
In base 7, what is 22023 - 4?
22016
In base 13, what is 2 - 1267?
-1265
In base 15, what is 36 - 5be0?
-5ba9
In base 5, what is 112440 + 1204?
114144
In base 8, what is 211601 + 5?
211606
In base 15, what is -1d2 - 48?
-22a
In base 7, what is 1413 + -34?
1346
In base 7, what is -21 + 30434?
30413
In base 10, what is -1118 + 683?
-435
In base 12, what is 14 + 1a8576?
1a858a
In base 4, what is -2 - -11332120?
11332112
In base 12, what is 4b01 + b?
4b10
In base 13, what is 0 - -1250?
1250
In base 8, what is -35 + -10224?
-10261
In base 12, what is 5 + 3294?
3299
In base 14, what is 668dd + 2?
66901
In base 3, what is 121011120 - 212?
121010201
In base 6, what is -1 + -250404?
-250405
In base 11, what is 44874 - -3?
44877
In base 15, what is 16e4c + -2?
16e4a
In base 4, what is -221 + -110112?
-110333
In base 3, what is 1010 + 2202220222?
2202222002
In base 5, what is 232311 + -12?
232244
In base 11, what is -203799 + 2?
-203797
In base 5, what is 34 - -11202110?
11202144
In base 9, what is 1136 - 23?
1113
In base 15, what is 1167 - 9?
115d
In base 8, what is 2 - -57240?
57242
In base 7, what is -3033242 + 3?
-3033236
In base 12, what is -5 - 18701?
-18706
In base 9, what is -3 - 11457?
-11461
In base 7, what is -35 - -102264?
102226
In base 12, what is 4 + 1358a?
13592
In base 13, what is 11b30 - a?
11b23
In base 3, what is 11212201002 - -1201?
11212202210
In base 8, what is 1426736 - -4?
1426742
In base 14, what is -1a9092c - 4?
-1a90932
In base 2, what is 1 + 110101000011110?
110101000011111
In base 7, what is -5 + -16020244?
-16020252
In base 2, what is 11011 - -11111100101?
100000000000
In base 10, what is -2 - -116765?
116763
In base 3, what is 111210210 - 110121?
111100012
In base 10, what is -2 + -57302?
-57304
In base 3, what is 0 + 11200221?
11200221
In base 14, what is -185d1 + 3?
-185cc
In base 14, what is d8467 - 5?
d8462
In base 2, what is 101011011011 - 1111?
101011001100
In base 14, what is -13 - -65?
52
In base 16, what is 4 + 29e4?
29e8
In base 11, what is 5 - 6535?
-6530
In base 14, what is 51 - -4b8?
529
In base 10, what is -37738 + -1?
-37739
In base 3, what is -10 - 211001?
-211011
In base 7, what is -3625 - -26?
-3566
In base 14, what is -5b9 - -c1?
-4d8
In base 14, what is 1a1 + 198?
359
In base 15, what is 74e - -e?
75d
In base 7, what is -2345 + 3351?
1003
In base 5, what is -3424 + -1433?
-10412
In base 4, what is 11233222 + 113?
11300001
In base 10, what is -7141 + 275?
-6866
In base 5, what is 10 - -3433?
3443
In base 8, what is -6027 + -176?
-6225
In base 12, what is -12 + -20699?
-206ab
In base 7, what is 435044 - 32?
435012
In base 3, what is 12112112 - -221?
12120110
In base 2, what is -101 - -1110101011001?
1110101010100
In base 2, what is -110110001011 - -11100010?
-110010101001
In base 15, what is a9ee - 2?
a9ec
In base 12, what is -475 + 8?
-469
In base 5, what is -130203 + 3411?
-121242
In base 11, what is 1126 - -542?
1668
In base 15, what is db - 74?
67
In base 5, what is -4 - 20042?
-20101
In base 5, what is 313210 - -20?
313230
In base 7, what is 20 + 1410031?
1410051
In base 13, what is 61 - -c4?
155
In base 2, what is -11100100110111110000 - 101?
-11100100110111110101
In base 14, what is 70 - -15ac2?
15b52
In base 8, what is 406 + 7?
415
In base 16, what is 1578b0 - 1?
1578af
In base 8, what is -144276 + 3?
-144273
In base 11, what is 258 - 15588?
-15330
In base 8, what is -531516 + 5?
-531511
In base 10, what is -5 + -1152386?
-1152391
In base 5, what is -22014 + -1?
-22020
In base 5, what is -10343 - -1223?
-4120
In base 2, what is -100100000000000 + 100?
-100011111111100
In base 13, what is -3 - -2065?
2062
In base 6, what is -20 + -135502?
-135522
In base 9, what is -1 - -25025?
25024
In base 5, what is -2 - -24132?
24130
In base 2, what is 1100000001001010 - -110?
1100000001010000
In base 13, what is -60 - 4593?
-4623
In base 12, what is -284a - 22?
-2870
In base 12, what is 9b - -12116?
121b5
In base 16, what is d3 + d3?
1a6
In base 6, what is -12050 + 14?
-12032
In base 7, what is 1036161 - -5?
1036166
In base 16, what is 1b0687 + -1?
1b0686
In base 6, what is 514 - 115?
355
In base 6, what is 0 - 4231101?
-4231101
In base 15, what is 3 - -668d?
6691
In base 7, what is 3051501 - 3?
3051465
In base 3, what is -111102111222 + -10?
-111102112002
In base 10, what is -7 + -22755?
-22762
In base 4, what is 10 - 131030?
-131020
In base 13, what is -5 + -7caa?
-7cb2
In base 6, what is -15353 - 143?
-15540
In base 10, what is 0 + -117736?
-117736
In base 13, what is bbb7 - -19?
bc03
In base 11, what is -a + 113209?
1131aa
In base 8, what is 322 + -141?
161
In base 14, what is -2 + 2a97?
2a95
In base 7, what is 3245341 + 4?
3245345
In base 6, what is -2023321 - -3?
-2023314
In base 16, what is d + 16a2?
16af
In base 4, what is -3102113322 + 1?
-3102113321
In base 10, what is -4 + -23004?
-23008
In base 6, what is -2400 + 2022?
-334
In base 9, what is 2 - 170476?
-170474
In base 2, what is -10110111101 - -101110000100?
10111000111
I